{"id":32117,"date":"2021-10-13T21:15:20","date_gmt":"2021-10-13T19:15:20","guid":{"rendered":"https:\/\/dinen.shop\/?post_type=product&#038;p=32117"},"modified":"2021-10-22T20:55:57","modified_gmt":"2021-10-22T18:55:57","slug":"zeblaze-vibe-6-smart-watch","status":"publish","type":"product","link":"https:\/\/dinen.shop\/?product=zeblaze-vibe-6-smart-watch","title":{"rendered":"Zeblaze Vibe 6 Smart Watch"},"content":{"rendered":"<p><strong>Note:\u00a0<\/strong>Because the VIBE 6 has\u00a0<span style=\"color: #ff0000;\">two bluetooths (BT V3.0+BT V5.0)<\/span>, when you get the watch, please charge and activate the watch first, then scan the QR code in the manual to download the APP, then turn on the mobile phone Bluetooth, find the bracelet in the APP, and connect the bracelet. After the connection is successful,\u00a0<span style=\"color: #ff0000;\">please go back to the bluetooth interface of the phone and connect the watch again<\/span>. At this time, both bluetooth have been connected, and the bluetooth call function and SMS reminder function of the watch can be used normally.<\/p>\n<div><\/div>\n<p><b><span style=\"color: #ff0000;\">Zeblaze VIBE 6, Your Songs On Your Wrist.<\/span><\/b><\/p>\n<p>VIBE 6 can be stored independently, you can use the watch cable to pull the music you want from the computer into the watch. It has 128MB memory and can store about 20 songs. VIBE 6 also supports bluetooth calls, it can\u00a0stay\u00a0connected\u00a0with\u00a0other\u00a0on\u00a0your\u00a0wrist, that means you can receive or make a phone call on the watch.<\/p>\n<div>\n<p>More wonderful functions, Looking forward to your discovery.<\/p>\n<p><strong>Features\u00a0<\/strong><\/p>\n<p>1. Built-in Speaker and Microphone<br \/>\n2. Stand-alone Music Player<\/p>\n<p>3. 7x24h Heart Rate Monitor<\/p>\n<p>4. Blood Pressure Monitor<\/p>\n<p>5. Female Physical Health Track<\/p>\n<p>6. 10 kinds of\u00a0Mainstream Sport Modes<\/p>\n<p>7. 25 Days Long Battery Life<\/p>\n<p>8. IP67 Water Resistant<\/p>\n<p><span style=\"color: #666666; font-family: OpenSans, Arial;\"><b>\u00a0<\/b><\/span><\/p>\n<p><span style=\"color: #666666; font-family: OpenSans, Arial;\"><b>Specifications<\/b><\/span><\/p>\n<p>&nbsp;<\/p>\n<div>\n<table border=\"1\" cellpadding=\"5\">\n<tbody>\n<tr>\n<td colspan=\"5\">Specification<\/td>\n<\/tr>\n<tr>\n<td>\u00a0Brand<\/td>\n<td colspan=\"3\">\u00a0Zeblaze<\/td>\n<\/tr>\n<tr>\n<td>\u00a0Model<\/td>\n<td colspan=\"3\">\u00a0VIBE 6<\/td>\n<\/tr>\n<tr>\n<td>\u00a0Bluetooth\u00a0Version<\/td>\n<td colspan=\"3\">\u00a0<b><span style=\"color: #ff0000;\">BT5.0+3.0<\/span><\/b><\/td>\n<\/tr>\n<tr>\n<td>\u00a0Compatible OS<\/td>\n<td colspan=\"3\">\u00a0Android 4.4 or above,iOS 9.0 or above<\/td>\n<\/tr>\n<tr>\n<td>\u00a0Operating Mode<\/td>\n<td colspan=\"3\">\u00a0Full Touch<\/td>\n<\/tr>\n<tr>\n<td>\u00a0APP Name<\/td>\n<td colspan=\"3\">\u00a0<span style=\"color: #ff0000;\"><b>H Band<\/b><\/span><\/td>\n<\/tr>\n<tr>\n<td>\u00a0App Language<\/td>\n<td colspan=\"3\">\u00a0English, Portugu\u00eas(Brasil), Portugu\u00eas(Portuguesa),\u00a0 \u0440\u0443\u0441\u0441\u043a\u0438\u0439, Espa\u00f1ol, Italiano, Fran\u00e7ais, Deutsch, T\u00fcrk\u00e7e, \u010ce\u0161tina, Polski, \u0e20\u0e32\u0e29\u0e32\u0e44\u0e17\u0e22, \u65e5\u672c\u8a9e, \ud55c\uad6d\uc5b4, Arabic, Persian, Ti\u1ebfng Vi\u1ec7t<\/td>\n<\/tr>\n<tr>\n<td>\u00a0Message\u00a0Push Language<\/td>\n<td colspan=\"3\">\u00a0Chinese, Japanese, Korean, Latin, Cyrillic; Latin includes: (English, French, Spanish, Portuguese, German, Dutch, Vietnamese, Northern Europe, Central Europe, Southern Europe Italian, Southeast Asia, Africa); Siri Irvine includes: (Russian, Eastern Europe, Asia), covering 150 countries<\/td>\n<\/tr>\n<tr>\n<td colspan=\"5\">Special Features<\/td>\n<\/tr>\n<tr>\n<td>\u00a0Waterproof<\/td>\n<td colspan=\"3\">\u00a0IP67<\/td>\n<\/tr>\n<tr>\n<td>\u00a0Heart Rate Monitor<\/td>\n<td colspan=\"3\">\u00a0Support<\/td>\n<\/tr>\n<tr>\n<td>\u00a0Blood Pressure Monitor<\/td>\n<td colspan=\"3\">\u00a0Support<\/td>\n<\/tr>\n<tr>\n<td>\u00a0Female Health<\/td>\n<td colspan=\"3\">\u00a0Support<\/td>\n<\/tr>\n<tr>\n<td>\u00a0Sleep Tracking &amp; Stages<\/td>\n<td colspan=\"3\">\u00a0Support<\/td>\n<\/tr>\n<tr>\n<td>\u00a0Real-time Pace &amp; Distance<\/td>\n<td colspan=\"3\">\u00a0Support<\/td>\n<\/tr>\n<tr>\n<td>\u00a0Multi-sport Modes<\/td>\n<td colspan=\"3\">\u00a0Support<\/td>\n<\/tr>\n<tr>\n<td>\u00a0Steps Tracking<\/td>\n<td colspan=\"3\">\u00a0Support<\/td>\n<\/tr>\n<tr>\n<td>\u00a0Calorie Burn Tracking<\/td>\n<td colspan=\"3\">\u00a0Support<\/td>\n<\/tr>\n<tr>\n<td>\u00a0Pedometer<\/td>\n<td colspan=\"3\">\u00a0Support<\/td>\n<\/tr>\n<tr>\n<td>\u00a0Multi-watch Faces<\/td>\n<td colspan=\"3\">\u00a0Support<\/td>\n<\/tr>\n<tr>\n<td><b><span style=\"color: #ff0000;\">Bluetooth Call<\/span><\/b><\/td>\n<td colspan=\"3\"><b><span style=\"color: #ff0000;\">\u00a0Support (<\/span><\/b><span style=\"color: #ff0000;\"><b>Receive \/ Make Call)<\/b><\/span><\/td>\n<\/tr>\n<tr>\n<td>Call or Message Reminder<\/td>\n<td colspan=\"3\">\u00a0Support<\/td>\n<\/tr>\n<tr>\n<td>\u00a0Reject Call<\/td>\n<td colspan=\"3\">\u00a0Support<\/td>\n<\/tr>\n<tr>\n<td>\n<div>\n<div class=\"document\">\n<p class=\"paragraph text-align-type-left pap-line-1.3 pap-line-rule-auto pap-spacing-before-0pt pap-spacing-after-0pt\">\u00a0Call ID Display<\/p>\n<\/div>\n<\/div>\n<\/td>\n<td colspan=\"3\">\u00a0Support<\/td>\n<\/tr>\n<tr>\n<td><b><span style=\"color: #ff0000;\">Stand-alone Music Player<\/span><\/b><\/td>\n<td colspan=\"3\"><b><span style=\"color: #ff0000;\">\u00a0Support<\/span><\/b><\/td>\n<\/tr>\n<tr>\n<td>\u00a0Alert Type<\/td>\n<td colspan=\"3\">\u00a0Vibration<\/td>\n<\/tr>\n<tr>\n<td>\u00a0Auto Light-up Screen<\/td>\n<td colspan=\"3\">\u00a0Support<\/td>\n<\/tr>\n<tr>\n<td>\u00a0Stopwatch<\/td>\n<td colspan=\"3\">\u00a0Support<\/td>\n<\/tr>\n<tr>\n<td>\u00a0Countdown<\/td>\n<td colspan=\"3\">\u00a0Support<\/td>\n<\/tr>\n<tr>\n<td>\u00a0Real-time Weather Display<\/td>\n<td colspan=\"3\">\u00a0Support<\/td>\n<\/tr>\n<tr>\n<td>\u00a0More\u00a0Functions<\/td>\n<td colspan=\"3\">\u00a0Support Alarm,Calendar,Sedentary reminder,Camera remote control,Anti-lost,Music control<\/td>\n<\/tr>\n<tr>\n<td colspan=\"5\">Technical Parameters<\/td>\n<\/tr>\n<tr>\n<td>\u00a0Sensor<\/td>\n<td colspan=\"3\">\u00a0G-sensor,Heart Rate Sensor,Proximity sensor,Accelerometer<\/td>\n<\/tr>\n<tr>\n<td>\u00a0Screen<\/td>\n<td colspan=\"3\">\u00a0Size: 1.3 inch<br \/>\nType: IPS<br \/>\nResolution: 240*240pixels<\/td>\n<\/tr>\n<tr>\n<td>\u00a0Battery<\/td>\n<td colspan=\"3\">\u00a0Battery Capacity: 300mAh<br \/>\nUsing time:<br \/>\n25 days (Basic watch mode)<br \/>\n15 days (Daily use mode)<br \/>\n280 mins (Coutinuous Bluetooth Calling )<br \/>\n220 mins (Continuous Music Playing)<br \/>\nCharging Time:\u00a0About 1.5 hours<br \/>\nCharging Type: Magnetic charging<\/td>\n<\/tr>\n<tr>\n<td colspan=\"3\">Appearance &amp; Details<\/td>\n<\/tr>\n<tr>\n<td>\u00a0Product Size<\/td>\n<td colspan=\"2\">\u00a0Dial Size: about 51*51*16mm<br \/>\nBand width: about 24mm<\/td>\n<\/tr>\n<tr>\n<td rowspan=\"3\"><img class=\"bg_lazy\" title=\"[bluetooth Call]Zeblaze VIBE 6 Wireless Music Player 7\/24 Heart Rate Blood Pressure Monitor 10 Sport Modes 25 Days Standby BT5.0 Smart Watch\" src=\"https:\/\/imgaz.staticbg.com\/images\/oaupload\/banggood\/images\/6E\/9B\/ad329491-5e6d-48f3-9bab-9a2090cb7c77.jpg.webp\" alt=\"[bluetooth Call]Zeblaze VIBE 6 Wireless Music Player 7\/24 Heart Rate Blood Pressure Monitor 10 Sport Modes 25 Days Standby BT5.0 Smart Watch\" data-cke-saved-class=\"bg_lazy\" data-original=\"https:\/\/imgaz.staticbg.com\/images\/oaupload\/banggood\/images\/6E\/9B\/ad329491-5e6d-48f3-9bab-9a2090cb7c77.jpg\" \/><\/td>\n<td>\u00a01*Zeblaze VIBE 6\u00a0Smart Bracelet<\/td>\n<\/tr>\n<tr>\n<td>\u00a01*Charging Cable<\/td>\n<\/tr>\n<tr>\n<td>\u00a01*User Manual (English, Deutsch, \u0440\u0443\u0441\u0441\u043a\u0438\u0439, Espa\u00f1ol, Portugu\u00eas, Fran\u00e7ais, Japanese)<\/td>\n<\/tr>\n<tr>\n<td colspan=\"3\"><\/td>\n<\/tr>\n<\/tbody>\n<\/table>\n<\/div>\n<\/div>\n","protected":false},"excerpt":{"rendered":"<h1 id=\"itemTitle\" class=\"it-ttl\">Zeblaze Vibe 6 Men&#8217;s Sports Smartwatch<\/h1>\n","protected":false},"featured_media":32120,"comment_status":"open","ping_status":"closed","template":"","meta":{"_mo_disable_npp":""},"ams_default_variation_id":0,"ams_product_discount_percentage":0,"featured_image_src":"https:\/\/dinen.shop\/wp-content\/uploads\/2021\/10\/1-12.jpg","_links":{"self":[{"href":"https:\/\/dinen.shop\/index.php?rest_route=\/wp\/v2\/product\/32117"}],"collection":[{"href":"https:\/\/dinen.shop\/index.php?rest_route=\/wp\/v2\/product"}],"about":[{"href":"https:\/\/dinen.shop\/index.php?rest_route=\/wp\/v2\/types\/product"}],"replies":[{"embeddable":true,"href":"https:\/\/dinen.shop\/index.php?rest_route=%2Fwp%2Fv2%2Fcomments&post=32117"}],"version-history":[{"count":1,"href":"https:\/\/dinen.shop\/index.php?rest_route=\/wp\/v2\/product\/32117\/revisions"}],"predecessor-version":[{"id":32135,"href":"https:\/\/dinen.shop\/index.php?rest_route=\/wp\/v2\/product\/32117\/revisions\/32135"}],"wp:featuredmedia":[{"embeddable":true,"href":"https:\/\/dinen.shop\/index.php?rest_route=\/wp\/v2\/media\/32120"}],"wp:attachment":[{"href":"https:\/\/dinen.shop\/index.php?rest_route=%2Fwp%2Fv2%2Fmedia&parent=32117"}],"curies":[{"name":"wp","href":"https:\/\/api.w.org\/{rel}","templated":true}]}}